/120 + z**5/30 + z**4/12 - 25*z**3/6 + 6*z**2 - 6*z. What is the units digit of k(7)?
0
Suppose -2*g + 2*p = -17150, 129*g - 125*g = -2*p + 34312. What is the hundreds digit of g?
5
Suppose 5*i - 11 = -3*s, 4*s = s + 4*i + 29. Let d be ((-2)/4)/(s/(-14)). Let m(h) = 71*h - 3. What is the units digit of m(d)?
8
Let g = 57 - 54. Suppose 2*o = g*o - 2. Suppose o*p + 3*d - 160 = 0, 0 = -4*p + 2*d - 4*d + 336. What is the tens digit of p?
8
Let a = 2569 - -15975. What is the thousands digit of a?
8
Let r(l) = 1429*l**3 + 39*l - 34*l + 5 - 1 - 6*l**2 - 3. What is the hundreds digit of r(1)?
4
Suppose 0 = -3*q + 5*q - 4, -2*o - 48 = q. Let x = -13 - o. Let c = 4 + x. What is the tens digit of c?
1
Let f be 9 - -15*(-4)/10. Let k = 341 - 169. Suppose -f*c - 2*w = -k, w + 2 = -w. What is the tens digit of c?
5
Suppose -5*t + 231 - 91 = 0. Suppose 5*s - 7*s + t = 0. Let n = s - -39. What is the tens digit of n?
5
Let r be 23/7 - ((-416)/112)/(-13). Suppose -t + 514 + 1131 = r*p, 0 = 2*p + 5*t - 1088. What is the units digit of p?
9
Suppose 11*z = 23*z - 75144. What is the tens digit of z?
6
Suppose 4*m - 4*u = 2108, 0 = -4*m - 9*u + 5*u + 2068. Suppose 3*f - 3*y = 1686, -f - y + m + 48 = 0. What is the units digit of f?
6
Suppose -2*d = -1220 - 4052. Suppose 636 = 5*i - 5*b + d, 0 = 3*b. What is the tens digit of (7*2/(-5))/(16/i)?
7
Let g(q) = -214*q + 435. What is the tens digit of g(-17)?
7
Let x(a) = a**2 + 22*a + 2. Let s be x(-22). What is the tens digit of s - -113 - ((-1)/(-1) + -2)?
1
Let w = 61 + -57. Suppose s - 2918 = -4*b - s, -2*b - w*s + 1474 = 0. What is the tens digit of b?
2
Suppose 4*c + 22 = 2*z - c, -2*c + 26 = 5*z. Let b = z + -4. Suppose -s + 183 = i + i, b*i + 3*s = 185. What is the units digit of i?
1
Suppose -2*l = 0, 5*c - 5*l = -0*l. Suppose c = -2*r - 3*r + 4*r. Suppose 2*h = 5*n - 674, 4*n + 6*h - h - 559 = r. What is the units digit of n?
6
Let r = 1530 - 1529. Suppose -5*p + 32 = -3*p. What is the tens digit of r/((-4)/p*2) + 88?
8
Let l(z) be the third derivative of z**6/30 + 2*z**5/15 + z**4/24 - 5*z**3/6 - 8*z**2. Let u be l(5). Suppose -u = -4*k - k. What is the hundreds digit of k?
1
Suppose -75*l = -104514 - 202236. What is the thousands digit of l?
4
Let w be (4/(-24))/(4/(-72)). Suppose 0 = 5*n - 3*d - 2780, -w = -4*d - 23. What is the tens digit of n?
5
Let g(t) = t**2 - 10*t - 18. Let o = -5 - -17. Let z be g(o). Suppose 2*v + 5*f = z, -f - 28 = -3*v + f. What is the units digit of v?
8
Suppose 0*x - 4*x = -32. Let h(q) = -q**3 - 16*q**2 - 6*q - 36. Let t be h(-16). Suppose 0 = x*m - 4*m - t. What is the tens digit of m?
1
What is the hundreds digit of 1/(-2)*(-11 - 3)*(4283 + 4)?
0
Let q be (-6 - (-2 - 0)) + 3 - -3. Suppose q*h - 700 = -5*d, 527 = 3*d + h + 107. What is the units digit of d?
0
Suppose 6 = -2*i, 10*b = 8*b - 5*i - 15. Suppose b = 5*g + 10, -5*a - 4*g + 3208 - 271 = 0. What is the tens digit of a?
8
Let p(w) = -18*w**2 + 4 + w**3 + 3 - 5. Let r be p(18). Suppose 4*d = -r*h, -5*h + 52 = -3*d - 13. What is the units digit of h?
0
Let v = 947 - 420. What is the units digit of (-5)/10 + v/2?
3
Suppose 0 = -3*l + 14*l + 4*l. Suppose 34*w - 13188 - 16970 = l. What is the tens digit of w?
8
Suppose 40*r + 15*r - 200475 = 0. What is the units digit of r?
5
Suppose -4*u + 50 = -2. Suppose 0 = -2*p - 3*k + 75, 60 = -3*p + 5*p - 2*k. Let j = p - u. What is the units digit of j?
0
Let w(c) = 4*c + 3*c - 12*c + 12*c + 4*c. What is the tens digit of w(1)?
1
Suppose 0 = -k - 87 - 61. Let g = k + 689. What is the hundreds digit of g?
5
Let k be 335/(-2)*(-1 + 9). Let g be (k + -12)*4/(4/(-2)). Suppose 12*v - 25*v = -g. What is the hundreds digit of v?
2
Suppose 3*p - 18 = 78. Suppose 0 = -5*s - 4*y + 65, 2*y + 127 = 5*s + p. What is the units digit of s?
7
Suppose -135*j = -112*j - 19067. Let f = -305 + j. What is the tens digit of f?
2
Let h = -104 - 450. Let i = h - -863. What is the units digit of i?
9
Let f(x) = 7*x**2 - 19*x - 16. Suppose 306 = -21*a + 75. What is the hundreds digit of f(a)?
0
Let v be 20/(-22) - (-15)/(-165). Let j(t) = -504*t - 2. What is the hundreds digit of j(v)?
5
Suppose 4*l = 5*d + 7, -2*l - 55*d + 58*d = -5. Let m = -3 + 5. What is the hundreds digit of -3 + (m/4*l - -129)?
1
Let o(n) = 3*n**2 + n + 5. Let y(k) = 10*k**2 + 7*k + 9. Let a(c) = -o(c) + y(c). Let l(d) = d**2 - 2*d - 4. Let w be l(4). What is the tens digit of a(w)?
4
Let m(k) = -13*k + 14*k**2 + 0*k**2 + 21*k - 5*k. What is the units digit of m(4)?
6
Suppose -2*a + 34394 = 4*u + 8658, 0 = 5*a. What is the hundreds digit of u?
4
Suppose -5*z + 107 = -3*q - 4*z, -37 = q - z. Let l = q - -74. What is the units digit of l?
9
What is the units digit of ((-7931530)/(-808))/(2/16)?
0
Let n = -23 + 25. Let t(r) = 7*r**3 - 2*r**2 - r - 2. Let v be t(n). What is the tens digit of 0 + v + 0 + -2?
4
Let y = 680 - -336. Let l = y - -63. What is the units digit of l?
9
Suppose 29297 = 66*w - 64*w + k, 0 = k + 1. What is the thousands digit of w?
4
Let b(n) = n**3 - 8*n**2 + 18*n - 5. Let p be b(3). Suppose 4*q = p*o + 1056, 0 = 5*q + 2*o - 1252 - 68. What is the tens digit of q?
6
Let q = -20349 + 38236. What is the tens digit of q?
8
Let t = 221 + -324. Let y = 356 + t. Suppose y + 160 = 7*f. What is the tens digit of f?
5
What is the tens digit of (-15)/(((-75)/219)/5)?
1
Suppose -20*n + 4*x = -19*n - 19, -5*n = 3*x - 3. Suppose 4*l + 12 = 0, -n*j + 10*l + 219 = 13*l. What is the tens digit of j?
7
Suppose 0 = 3*s + 2*s - 2*h - 18, 5*h = -5*s - 10. Suppose 3*m = s*k + 114, 0*m - 174 = 3*k - 3*m. What is the tens digit of (-155)/(-2)*(-72)/k?
9
Let x(n) = n**2 + 18*n + 17. Let h = 53 + -52. Let t(z) = z**2 - 1. Let u(j) = h*x(j) - 2*t(j). What is the units digit of u(9)?
0
Let n(i) = -88*i**3 - 3*i**2 - 4*i - 18. What is the units digit of n(-5)?
7
Let g = -353 + 356. What is the tens digit of (-9)/(-6)*(g + 325/5)?
0
Let c(y) = -14 - 13 - 5*y + 3 - 13. What is the units digit of c(-35)?
8
Suppose 0 = 2*a - 46 - 24. Let r(c) = -c**3 + 5*c**2 + 14*c + 10. Let o be r(5). Let u = o - a. What is the tens digit of u?
4
Let h(i) = 2*i**3 - 6*i**2 - i + 5. Let r be h(3). What is the hundreds digit of ((-4330)/35 + r)/(2/(-14))?
8
Suppose 0 = 2*m - 5*x + 336, -4*x - 479 = 3*m + x. Let k = 500 + -784. Let s = m - k. What is the hundreds digit of s?
1
Suppose -2283*h + 2295*h - 547068 = 0. What is the thousands digit of h?
5
Let a be (-4143)/(-6) + 4/(-8). Suppose 4*o + 2*s = -o + a, -5*o + 4*s + 660 = 0. Suppose 78*u = 82*u - o. What is the tens digit of u?
3
Suppose 5*s - 88667 = 2*z, 0 = -72*s + 77*s - 3*z - 88668. What is the hundreds digit of s?
7
Let s(r) = 42*r**2 + 6*r - 5. Let l = -39 - -45. Suppose 2*a - 5*v + 2 = l, -4 = -2*a - 4*v. What is the tens digit of s(a)?
7
Suppose 4*i + 26515 = 5*i - 5*l, -l = -2*i + 53012. What is the thousands digit of i?
6
Let f(i) = -i**2 + 10*i - 17. Let c be f(8). What is the tens digit of 2 + 1409 + -6 + 0/c?
0
Let m be (2/2)/((-33)/30756). Let z = -515 - m. What is the hundreds digit of z?
4
Suppose -5*l + 9*l - 1112 = -2*d, 0 = d + l - 561. Suppose -23*i + 21*i + d = 0. What is the units digit of i?
3
Suppose -898848 = 240*d - 1502350 - 1862498. What is the units digit of d?
5
Let h(x) = -8*x**2 - 7*x + 17. Let q(s) = 7*s**2 + 6*s - 17. Let l(k) = 4*h(k) + 5*q(k). What is the hundreds digit of l(9)?
2
Let t(r) = 20*r**2 - 166*r - 461. What is the hundreds digit of t(-22)?
8
What is the hundreds digit of (25 - (-32148 - 10)) + 2/(-1)?
1
Let c(u) = u**3 - 3*u**2 + 2*u - 8. Let v(n) = 2*n + 1. Let x(m) = -12*m - 12. Let d(s) = 5*v(s) + x(s). Let z be d(-6). What is the units digit of c(z)?
2
Let q(y) = 5*y - 43. Let x be q(13). Suppose x*n - 552 - 11416 = 0. What is the units digit of n?
4
Suppose 4*k = -2*r + 224, 8*r - 118 = 7*r - k. What is the units digit of r?
4
Let i(h) be the third derivative of -h**6/120 + h**5/30 + 3*h**4/4 + 239*h**3 - h**2 + 25*h. What is the units digit of i(0)?
4
Let c(p) = -78*p + 114. Let j = 517 - 520. What is the tens digit of c(j)?
4
Suppose -7*p - 3*p + 1180 = 0. Suppose 3*h = 4*l - p, -41 = 3*l + 4*h - 117. What is the tens digit of l?
2
Let o be (0 - (-18)/30)*(1 - -4). Let c be (0*(-3)/o)/(-1). Let v(b) = -b**2 - b + 67. What is the units digit of v(c)?
